
In base 3, what is -11120 - 1?
-11121
In base 10, what is -2 - -25?
23
In base 9, what is 180 - -2?
182
In base 14, what is 417 + -1?
416
In base 12, what is 11b - b?
110
In base 10, what is 2 - 218?
-216
In base 11, what is 5 - -1?
6
In base 9, what is 8 + 42?
51
In base 7, what is -1046 - 4?
-1053
In base 15, what is -2b7 + 0?
-2b7
In base 4, what is 23 + -103?
-20
In base 6, what is 533 + -5?
524
In base 9, what is -1547 - 0?
-1547
In base 2, what is 100 + 1111111000?
1111111100
In base 2, what is 1 + -1010011011110?
-1010011011101
In base 12, what is 5 + -41?
-38
In base 6, what is -133034 - -1?
-133033
In base 5, what is 121222 - 12?
121210
In base 12, what is 9 - -b?
18
In base 12, what is 4 + 577?
57b
In base 9, what is 14 - -45?
60
In base 8, what is 3 + -6540?
-6535
In base 15, what is 9 - -1ab?
1b5
In base 13, what is 162 - -4?
166
In base 9, what is -50 - 1?
-51
In base 14, what is -5 + c9?
c4
In base 10, what is -28 + -3?
-31
In base 2, what is -10000 - 11100?
-101100
In base 2, what is -1001001010 + 1?
-1001001001
In base 10, what is -21787 - 4?
-21791
In base 12, what is -41b - 5?
-424
In base 3, what is -1 + 100011?
100010
In base 5, what is -320 + 34?
-231
In base 2, what is 101 + -110101100?
-110100111
In base 12, what is -23 - a0?
-103
In base 14, what is -22 - -b3?
91
In base 12, what is 6b - 32?
39
In base 13, what is -47 + 83?
39
In base 4, what is 2 + 30?
32
In base 15, what is 3 - -11b?
11e
In base 5, what is -4 + -412?
-421
In base 9, what is -18 - 8?
-27
In base 2, what is 110 - -1000000111?
1000001101
In base 10, what is 21 + -4?
17
In base 6, what is -35 + -122?
-201
In base 2, what is -1 - 111010010100?
-111010010101
In base 3, what is 1 + 11002?
11010
In base 5, what is 1133 + -100?
1033
In base 7, what is -141 + -626?
-1100
In base 10, what is 19 + 0?
19
In base 4, what is -120200 - 11?
-120211
In base 12, what is 2 - a5?
-a3
In base 14, what is 6ab5 - 4?
6ab1
In base 8, what is 5 - 5335?
-5330
In base 7, what is -25503 - 4?
-25510
In base 13, what is 36 + 18b?
1c4
In base 9, what is -401 + 67?
-323
In base 16, what is -b9a + -4?
-b9e
In base 14, what is -4 + -842?
-846
In base 16, what is 1265 + -3?
1262
In base 3, what is -1202211 + 12?
-1202122
In base 5, what is -210 - 41?
-301
In base 4, what is -2 + -11?
-13
In base 11, what is -4807 + -2?
-4809
In base 2, what is 11 + 1001111?
1010010
In base 15, what is -2 - -17?
15
In base 6, what is 2204 - -3?
2211
In base 5, what is 33330 - 1?
33324
In base 9, what is -10 - -212?
202
In base 15, what is -8 - -362?
359
In base 8, what is -36 - 4?
-42
In base 4, what is 11 + 1103?
1120
In base 4, what is -22 + 3?
-13
In base 7, what is 22 - 123?
-101
In base 14, what is -2 + 50?
4c
In base 2, what is 1100110 + -1001110?
11000
In base 7, what is 0 + -364?
-364
In base 14, what is 44 + 9?
4d
In base 8, what is -5 + 54?
47
In base 5, what is 4314 - 1?
4313
In base 3, what is 102201 + -11?
102120
In base 10, what is -36 + -6?
-42
In base 15, what is 4 + 36?
3a
In base 5, what is 4 + 21230?
21234
In base 4, what is 11 + 22330?
23001
In base 11, what is -221 - 9?
-22a
In base 12, what is -3 + -22a?
-231
In base 3, what is 22100 - -1210?
101010
In base 10, what is -8 - 42?
-50
In base 5, what is -10 + -221?
-231
In base 7, what is 5 - -64?
102
In base 3, what is -11 - 1021?
-1102
In base 6, what is -235133 + -3?
-235140
In base 11, what is 8 - -1?
9
In base 13, what is -4c + 10?
-3c
In base 6, what is 234 + 4?
242
In base 14, what is 0 - 266?
-266
In base 16, what is 9 - -7?
10
In base 12, what is -6 - b?
-15
In base 11, what is -8 - 8?
-15
In base 3, what is 2101 + -1022?
1002
In base 8, what is -1 + 112?
111
In base 9, what is -514 + 1?
-513
In base 14, what is 58a + -11?
579
In base 6, what is -4 - 1104?
-1112
In base 14, what is 1 + 1dd?
200
In base 3, what is -100 - -1210111?
1210011
In base 6, what is -5 - 32431?
-32440
In base 7, what is -141 + -6?
-150
In base 12, what is 17 - -2?
19
In base 15, what is 3 + 65?
68
In base 9, what is -4 + 1431?
1426
In base 8, what is -4612 - -4?
-4606
In base 6, what is -4 - 310?
-314
In base 10, what is 4 + 4407?
4411
In base 11, what is -6 + 1a?
14
In base 2, what is -10110011 - 1?
-10110100
In base 15, what is -26 + 8?
-1d
In base 5, what is -1030 + 13?
-1012
In base 4, what is 11 + 112311?
112322
In base 16, what is -208 + 1?
-207
In base 15, what is 3 + ad?
b1
In base 11, what is 5 - 1071?
-1067
In base 7, what is -120 - 3?
-123
In base 14, what is -5 + -22?
-27
In base 10, what is 2 - -2236?
2238
In base 5, what is 12411 - 0?
12411
In base 10, what is -2 + -188?
-190
In base 12, what is 2 - -218?
21a
In base 8, what is -21 + -6?
-27
In base 12, what is -5 + -214?
-219
In base 14, what is -11 + 15?
4
In base 2, what is 11 - 1000101001?
-1000100110
In base 7, what is -201 + -5?
-206
In base 16, what is -4 + 8?
4
In base 11, what is 15 - 1?
14
In base 9, what is -1 - 40?
-41
In base 10, what is 0 - 36?
-36
In base 10, what is 1 + 47?
48
In base 7, what is 2 - -24?
26
In base 8, what is 141 + 0?
141
In base 15, what is 1 - 355?
-354
In base 11, what is 56 - 4?
52
In base 11, what is 6 - 852?
-847
In base 12, what is 0 + -25?
-25
In base 3, what is 221 - 10?
211
In base 14, what is 3 + -a?
-7
In base 3, what is 21002121 - 0?
21002121
In base 16, what is 282 - e?
274
In base 12, what is 4 + -712?
-70a
In base 6, what is 3512 + 3?
3515
In base 9, what is 564 - -1?
565
In base 6, what is -255200 + 3?
-255153
In base 16, what is -23 - ff?
-122
In base 9, what is -1 + 10768?
10767
In base 14, what is 2 + 44?
46
In base 11, what is 1 - -15?
16
In base 10, what is 10 + 4?
14
In base 11, what is 190 + 0?
190
In base 2, what is 1001110101100 + -1?
1001110101011
In base 3, what is -101 + 222?
121
In base 15, what is -1 + 83?
82
In base 14, what is -443 + 4?
-43d
In base 3, what is -2201 - -12?
-2112
In base 8, what is -2517 + -5?
-2524
In base 13, what is 3524 - -5?
3529
In base 4, what is -12022 - -12?
-12010
In base 4, what is -1311 + 233?
-1012
In base 12, what is 3 - -68?
6b
In base 7, what is 2 - 2503?
-2501
In base 8, what is -14341 - -4?
-14335
In base 4, what is -30 + 2011?
1321
In base 6, what is 4 - -221?
225
In base 10, what is 117 - 140?
-23
In base 16, what is -b1 + 0?
-b1
In base 13, what is -3 + -31?
-34
In base 7, what is 4 + -156?
-152
In base 4, what is 13 - 100010?
-33331
In base 7, what is -12 - -412?
400
In base 6, what is -21 + -51?
-112
In base 4, what is -2203 + -20?
-2223
In base 14, what is -124 - -3?
-121
In base 8, what is 7 + -615?
-606
In base 12, what is 45 - -3b?
84
In base 14, what is -4 + -22?
-26
In base 15, what is -3 + -531?
-534
In base 7, what is 1401 - 0?
1401
In base 14, what is -116 - 0?
-116
In base 3, what is 0 + 101201201?
101201201
In base 11, what is -68 - -1a?
-49
In base 2, what is -111111101 + 10?
-111111011
In base 12, what is 1 - -819?
81a
In base 4, what is -1 + 2100?
2033
In base 15, what is -80 - 10?
-90
In base 10, what is 1980 - -2?
1982
In base 16, what is ce3 + -4?
cdf
In base 12, what is a28 + -7?
a21
In base 4, what is 103 - 1102?
-333
In base 11, what is 0 - -207?
207
In base 2, what is -111 - -110000?
101001
In base 4, what is 11 - -3203?
3220
In base 5, what is 0 - 14000?
-14000
In base 12, what is -78 + -4?
-80
In base 4, what is 101 - -202?
303
In base 5, what is 1 - -12?
13
In base 15, what is -1 - -197c?
197b
In base 12, what is -10 - b?
-1b
In base 10, what is -19 - 12?
-31
In base 13, what is 132 - 5?
12a
In base 7, what is 2 + 321?
323
In base 13, what is 10a - 2?
108
In base 3, what is 1000 - -22?
1022
In base 13, what is 1117 - 3?
1114
In base 3, what is -11022210 - -20?
-11022120
In base 7, what is 3 + -10501?
-10465
In base 16, what is 1 + e1?
e2
In base 4, what is -12 + 101221?
101203
In base 7, what is -34 - 13?
-50
In base 8, what is -20021 - 2?
-20023
In base 8, what is 3 - 40?
-35
In base 9, what is 128 + 11?
140
In base 8, what is 200 - 5?
173
In base 3, what is -1122022 - -100?
-1121222
In base 14, what is 8 - b4?
-aa
In base 6, what is -5 + -345?
-354
In base 6, what is 4 + 150?
154
In base 15, what is -86 - 2?
-88
In base 9, what is 10 + -15?
-5
In base 4, what is -11 + 303212?
303201
In base 4, what is 2002 + 1?
2003
In base 15, what is 2 + -56?
-54
In base